{"id":80,"date":"2016-01-18T17:57:49","date_gmt":"2016-01-18T20:57:49","guid":{"rendered":"http:\/\/192.232.253.116\/~uv9013\/?page_id=80"},"modified":"2017-11-24T16:30:02","modified_gmt":"2017-11-24T19:30:02","slug":"objetivos","status":"publish","type":"page","link":"https:\/\/www.undef.edu.ar\/bkp-web\/institucional\/objetivos\/","title":{"rendered":"Objetivos"},"content":{"rendered":"<h2>La <strong>Universidad de la Defensa Nacional<\/strong> tiene los siguientes objetivos centrales:<\/h2>\n<div class=\"columna izq\">\n<ul>\n<li>Articular la formaci\u00f3n militar de las distintas fuerzas, especialidades y niveles, otorg\u00e1ndole un tratamiento institucional m\u00e1s pertinente.<\/li>\n<li>Instrumentar definitiva y cabalmente la conducci\u00f3n civil de la formaci\u00f3n militar, disponi\u00e9ndola en el marco de la formaci\u00f3n para la Defensa Nacional.<\/li>\n<li>Contar con un marco institucional y un perfil organizacional que resulte funcional a la gesti\u00f3n acad\u00e9mica del curr\u00edculum, de la carrera docente y de la investigaci\u00f3n.<\/li>\n<li>Desarrollar un marco institucional que favorezca la integraci\u00f3n y el desarrollo conjunto de la formaci\u00f3n de los miembros de las distintas Fuerzas Armadas, al tiempo que garantice la aplicaci\u00f3n de los mismos criterios para su educaci\u00f3n, orientados por la pol\u00edtica de Defensa Nacional.<\/li>\n<li>Asegurar, de manera definitiva, la consecuci\u00f3n del nivel universitario para la formaci\u00f3n militar, no s\u00f3lo en el nivel de las titulaciones, sino tambi\u00e9n implementando una articulaci\u00f3n con las universidades nacionales que permita realizar parte de la formaci\u00f3n del personal militar de los distintos niveles y especialidades en esas instituciones, incorporando ambientaci\u00f3n, pr\u00e1cticas pedag\u00f3gicas y de estudio plenamente universitarias.<\/li>\n<li>Desarrollar la investigaci\u00f3n acad\u00e9mica que requiere la formaci\u00f3n universitaria.<\/li>\n<li>Profesionalizar la formaci\u00f3n de recursos humanos para la Defensa, otorgando a la actividad militar de formaci\u00f3n, tanto sea en gesti\u00f3n como en docencia, la misma especificidad que se otorga a las armas, especialidades o escalafones diferenciados de las Fuerzas Armadas.<\/li>\n<\/ul>\n<\/div>\n<div class=\"columna der\">\n<ul>\n<li>Desarrollar un marco institucional que favorezca la generaci\u00f3n de una verdadera apertura al mundo universitario a trav\u00e9s del establecimiento de redes con las universidades nacionales, orientada a la articulaci\u00f3n entre trayectos formativos, centros o grupos de investigadores dedicados a temas vinculados a las necesidades de la Defensa y a la cooperaci\u00f3n y movilidad estudiantil y docente.<\/li>\n<\/ul>\n<p><img decoding=\"async\" src=\"https:\/\/www.undef.edu.ar\/wp-content\/uploads\/2016\/02\/Objetivos.jpg\" \/><\/p>\n<\/div>\n<div class=\"clear\"><\/div>\n","protected":false},"excerpt":{"rendered":"<p>La Universidad de la Defensa Nacional tiene los siguientes objetivos centrales: Articular la formaci\u00f3n militar de las distintas fuerzas, especialidades y niveles, otorg\u00e1ndole un tratamiento institucional m\u00e1s pertinente. Instrumentar definitiva y cabalmente la conducci\u00f3n civil de la formaci\u00f3n militar, disponi\u00e9ndola en el marco de la formaci\u00f3n para la Defensa Nacional. Contar con un marco institucional &hellip; <a href=\"https:\/\/www.undef.edu.ar\/bkp-web\/institucional\/objetivos\/\" class=\"more-link\">Continuar leyendo<span class=\"screen-reader-text\"> \u00abObjetivos\u00bb<\/span><\/a><\/p>\n","protected":false},"author":1,"featured_media":0,"parent":229,"menu_order":0,"comment_status":"closed","ping_status":"closed","template":"","meta":{"_acf_changed":false,"footnotes":""},"acf":[],"_links":{"self":[{"href":"https:\/\/www.undef.edu.ar\/bkp-web\/wp-json\/wp\/v2\/pages\/80"}],"collection":[{"href":"https:\/\/www.undef.edu.ar\/bkp-web\/wp-json\/wp\/v2\/pages"}],"about":[{"href":"https:\/\/www.undef.edu.ar\/bkp-web\/wp-json\/wp\/v2\/types\/page"}],"author":[{"embeddable":true,"href":"https:\/\/www.undef.edu.ar\/bkp-web\/wp-json\/wp\/v2\/users\/1"}],"replies":[{"embeddable":true,"href":"https:\/\/www.undef.edu.ar\/bkp-web\/wp-json\/wp\/v2\/comments?post=80"}],"version-history":[{"count":18,"href":"https:\/\/www.undef.edu.ar\/bkp-web\/wp-json\/wp\/v2\/pages\/80\/revisions"}],"predecessor-version":[{"id":3140,"href":"https:\/\/www.undef.edu.ar\/bkp-web\/wp-json\/wp\/v2\/pages\/80\/revisions\/3140"}],"up":[{"embeddable":true,"href":"https:\/\/www.undef.edu.ar\/bkp-web\/wp-json\/wp\/v2\/pages\/229"}],"wp:attachment":[{"href":"https:\/\/www.undef.edu.ar\/bkp-web\/wp-json\/wp\/v2\/media?parent=80"}],"curies":[{"name":"wp","href":"https:\/\/api.w.org\/{rel}","templated":true}]}}