{"id":72,"date":"2016-01-18T17:38:33","date_gmt":"2016-01-18T20:38:33","guid":{"rendered":"http:\/\/192.232.253.116\/~uv9013\/?page_id=72"},"modified":"2021-06-28T13:17:27","modified_gmt":"2021-06-28T16:17:27","slug":"mision","status":"publish","type":"page","link":"https:\/\/www.undef.edu.ar\/bkp-web\/institucional\/mision\/","title":{"rendered":"Misi\u00f3n"},"content":{"rendered":"<div class=\"columna izq\">\n<p>La misi\u00f3n de la <span style=\"color: #37BBED;\"><strong>Universidad de la Defensa Nacional<\/strong><\/span> se encuadra en los logros colectivos que la sociedad argentina alcanz\u00f3 en los \u00faltimos a\u00f1os en el plano de la Defensa y que deben convertirse en punto de partida y gu\u00eda de las actividades de <strong>docencia<\/strong>, <strong>investigaci\u00f3n<\/strong> y <strong>extensi\u00f3n<\/strong> que lleve adelante la nueva instituci\u00f3n. Dos de los logros m\u00e1s trascendentes han sido, por un lado, los avances logrados en el plano de la gesti\u00f3n civil de las Fuerzas armadas y, por el otro, la consolidaci\u00f3n de una visi\u00f3n que revaloriza la Defensa como una dimensi\u00f3n sustantiva de la estrategia de desarrollo nacional.<\/p>\n<p><img decoding=\"async\" src=\"https:\/\/www.undef.edu.ar\/wp-content\/uploads\/2016\/01\/fotoSeccion1-e1453139956885.jpg\" alt=\"\" \/><\/p>\n<\/div>\n<div class=\"columna der\">\n<p>La <strong><span style=\"color: #37BBED;\">UNDEF<\/span><\/strong> adopta como visi\u00f3n de futuro constituirse en un polo de referencia nacional e internacional en el \u00e1mbito acad\u00e9mico para el tratamiento de las tem\u00e1ticas de la Defensa:<\/p>\n<ul>\n<li><strong>Educando<\/strong> y <strong>capacitando<\/strong> en forma permanente a los Oficiales y Suboficiales de las Fuerzas Armadas para el eficaz desarrollo de su misi\u00f3n principal y sus funciones subsidiarias, en el modelo de ciudadanos militares y funcionarios p\u00fablicos.<\/li>\n<li><strong>Formando<\/strong> cuadros de conducci\u00f3n y gesti\u00f3n de la Defensa, militares y civiles, bajo principios y valores comunes orientados por la Pol\u00edtica de Defensa Nacional en un marco de libertad acad\u00e9mica y pluralidad de opiniones.<\/li>\n<li><strong>Creando<\/strong>, desde una perspectiva multidisciplinar, conocimientos cient\u00edficos, human\u00edsticos y t\u00e9cnicos que anticipen y acompa\u00f1en los constantes desaf\u00edos de un mundo en transformaci\u00f3n,<\/li>\n<li><strong>Realizando<\/strong> aportes, creativos y eficientes, para integrar la producci\u00f3n del conocimiento cient\u00edfico y tecnol\u00f3gico con las industrias vitales para la Defensa Nacional en articulaci\u00f3n con sectores industriales estrat\u00e9gicos.<\/li>\n<li><strong>Promoviendo<\/strong> lazos de integraci\u00f3n y cooperaci\u00f3n acad\u00e9mica, cient\u00edfica y cultural, con instituciones de formaci\u00f3n militar y\/o de Defensa como as\u00ed tambi\u00e9n con otras Universidades. Dicha iniciativa, establece relaciones de cooperaci\u00f3n, articulaci\u00f3n y complementariedad con las instituciones del sistema universitario nacional e internacional.<\/li>\n<\/ul>\n<\/div>\n<div class=\"clear\"><\/div>\n","protected":false},"excerpt":{"rendered":"<p>La misi\u00f3n de la Universidad de la Defensa Nacional se encuadra en los logros colectivos que la sociedad argentina alcanz\u00f3 en los \u00faltimos a\u00f1os en el plano de la Defensa y que deben convertirse en punto de partida y gu\u00eda de las actividades de docencia, investigaci\u00f3n y extensi\u00f3n que lleve adelante la nueva instituci\u00f3n. Dos &hellip; <a href=\"https:\/\/www.undef.edu.ar\/bkp-web\/institucional\/mision\/\" class=\"more-link\">Continuar leyendo<span class=\"screen-reader-text\"> \u00abMisi\u00f3n\u00bb<\/span><\/a><\/p>\n","protected":false},"author":1,"featured_media":0,"parent":229,"menu_order":0,"comment_status":"closed","ping_status":"closed","template":"","meta":{"_acf_changed":false,"footnotes":""},"acf":[],"_links":{"self":[{"href":"https:\/\/www.undef.edu.ar\/bkp-web\/wp-json\/wp\/v2\/pages\/72"}],"collection":[{"href":"https:\/\/www.undef.edu.ar\/bkp-web\/wp-json\/wp\/v2\/pages"}],"about":[{"href":"https:\/\/www.undef.edu.ar\/bkp-web\/wp-json\/wp\/v2\/types\/page"}],"author":[{"embeddable":true,"href":"https:\/\/www.undef.edu.ar\/bkp-web\/wp-json\/wp\/v2\/users\/1"}],"replies":[{"embeddable":true,"href":"https:\/\/www.undef.edu.ar\/bkp-web\/wp-json\/wp\/v2\/comments?post=72"}],"version-history":[{"count":19,"href":"https:\/\/www.undef.edu.ar\/bkp-web\/wp-json\/wp\/v2\/pages\/72\/revisions"}],"predecessor-version":[{"id":9075,"href":"https:\/\/www.undef.edu.ar\/bkp-web\/wp-json\/wp\/v2\/pages\/72\/revisions\/9075"}],"up":[{"embeddable":true,"href":"https:\/\/www.undef.edu.ar\/bkp-web\/wp-json\/wp\/v2\/pages\/229"}],"wp:attachment":[{"href":"https:\/\/www.undef.edu.ar\/bkp-web\/wp-json\/wp\/v2\/media?parent=72"}],"curies":[{"name":"wp","href":"https:\/\/api.w.org\/{rel}","templated":true}]}}