{"id":4034,"date":"2018-08-10T18:22:52","date_gmt":"2018-08-10T21:22:52","guid":{"rendered":"https:\/\/www.undef.edu.ar\/?page_id=4034"},"modified":"2020-08-07T12:12:30","modified_gmt":"2020-08-07T15:12:30","slug":"diplomatura-universitaria-gestion-integral-del-cambio-climatico","status":"publish","type":"page","link":"https:\/\/www.undef.edu.ar\/bkp-web\/diplomatura-universitaria-gestion-integral-del-cambio-climatico\/","title":{"rendered":"Diplomatura universitaria \u201cGesti\u00f3n integral del cambio clim\u00e1tico\u201d"},"content":{"rendered":"<style>.seccioncustom{padding: 60px 0}.containercustom{padding: 0 90px}.titulocustom{font-weight: 600; font-family: 'Encode Sans', sans-serif; font-size: 23px; color: #37BBED; margin: 0}.titulocustom.blanco{color: #fff}.lineacustom{border-bottom: 1px dashed #b3b3b3; margin: 20px 0}.lineacustom.blanca{border-color: #fff}.seccioncustom p{font-size: 14px; line-height: 18px; letter-spacing: 0.7px; color: #1E2A3B; margin: 15px 0}.seccioncustom p.blanco{color: #fff}.seccioncustom .textointrocustom{font-family: 'Encode Sans', sans-serif; font-weight: normal; font-size: 16px; line-height: 27px; letter-spacing: 0.8px; color: #808080}.columnacustom{float: left; width: 50%; box-sizing: border-box}.columnacustom.izq{padding-right: 30px}.columnacustom.der{padding-left: 30px}.clear{clear: both}.listadocustom{margin: 0 !important; padding: 0 !important; font-size: 12px !important; line-height: 18px !important; letter-spacing: 0.6px !important; color: #1E2A3B !important; font-weight: bold !important; padding-left: 12px !important; list-style: disc outside none !important}.listadocustom li{margin: 15px 0 !important}#perfil-egresado{background: #37BBED; background-size: cover; border-bottom: 4px solid #808080}#modalidad{background: url(https:\/\/www.undef.edu.ar\/wp-content\/uploads\/2018\/08\/fondo-undef.jpg) center no-repeat #38424f; background-size: cover}#docentes{background: #37BBED}.docentescontainer span{display: inline-block; vertical-align: middle; padding: 8px 15px; font-family: 'Encode Sans', sans-serif; font-weight: normal; font-size: 15px; line-height: 18px; letter-spacing: 0.8px; color: #FFF; background: #38424f; margin: 5px 6px 5px 0}.docentescontainer span.blanco{background: #fff; color: #38424f}.modulo{padding: 10px 0}.modulo h5{font-weight: bold; font-size: 15px; line-height: 18px; letter-spacing: 0.75px; color: #1E2A3B; margin: 0 0 30px}.modulo h6{font-weight: bold; font-size: 13px; line-height: 18px; letter-spacing: 0.65px; color: #37BBED; margin: 0 0 10px}.modulo p{font-size: 12px; line-height: 18px; letter-spacing: 0.6px; color: #666; margin: 0 0 15px}.espaciado20{height: 20px}#aranceles{background: #1e2a3b}.subtitulocustom{font-weight: bold; font-size: 18px; line-height: 18px; letter-spacing: 0.7px; text-transform: uppercase; color: #FFF; margin: 15px 0}.recuadroborde{border: 1px solid #fff; padding: 20px 40px}@media (max-width: 900px){.containercustom{padding: 0 40px}}@media (max-width: 700px){.columnacustom{width: 100%; padding: 10px 0 !important}}<\/style>\n<p><img decoding=\"async\" src=\"https:\/\/www.undef.edu.ar\/wp-content\/uploads\/2019\/06\/header-cambio-climatico-2.jpg\" alt=\"Diplomatura en gesti\u00f3n integral del cambio clim\u00e1tico\" style=\"display: block\"\/><\/p>\n<div class=\"seccioncustom\">\n<div class=\"containercustom\">\n<h4 class=\"titulocustom\">Objetivo<\/h4>\n<div class=\"lineacustom\"><\/div>\n<p class=\"textointrocustom\">La <strong>Diplomatura Universitaria Gesti\u00f3n Integral del Cambio Clim\u00e1tico (segunda edici\u00f3n)<\/strong> tiene como objetivo que el estudiante integre, desde un abordaje interdisciplinario, los conceptos, los principios clave y las causas del Cambio Clim\u00e1tico, orientado a evaluar las problem\u00e1ticas asociadas y comprender las distintas acciones nacionales e internacionales para hacer frente a este fen\u00f3meno, en diferentes escalas territoriales.<\/p>\n<\/div>\n<\/div>\n<div class=\"seccioncustom\" id=\"perfil-egresado\">\n<div class=\"containercustom\">\n<h4 class=\"titulocustom blanco\">Perfil del Egresado<\/h4>\n<div class=\"lineacustom blanca\"><\/div>\n<p>El graduado de la Diplomatura Universitaria Gesti\u00f3n Integral del Cambio Clim\u00e1tico tendr\u00e1 formaci\u00f3n para:<\/p>\n<div class=\"columnacustom izq\">\n<ul class=\"listadocustom\">\n<li>Conocer los impactos actuales y riesgos del cambio clim\u00e1tico en los diferentes sectores socioecon\u00f3micos;<\/li>\n<li>Comprender los lineamientos para la construcci\u00f3n de inventarios de Gases de Efecto Invernadero (GEIs) y las posibles opciones de mitigaci\u00f3n;<\/li>\n<li>Analizar diferentes medidas de adaptaci\u00f3n seg\u00fan zonas y sector econ\u00f3mico afectado;<\/li>\n<li>Comprender acciones orientadas a la construcci\u00f3n de la resiliencia en los territorios;<\/li>\n<li>Entender los impactos del Cambio Clim\u00e1tico en la salud de la poblaci\u00f3n;<\/li>\n<li>Identificar aspectos de la perspectiva de g\u00e9nero en el abordaje del cambio clim\u00e1tico;<\/li>\n<\/ul><\/div>\n<div class=\"columnacustom der\">\n<ul class=\"listadocustom\">\n<li>Advertir sobre los profundos cambios sociales tanto a nivel de desplazamientos humanos como en los \u00e1mbitos laborales;<\/li>\n<li>Discutir acerca de las herramientas, instrumentos y tecnolog\u00edas para hacer frente al cambio clim\u00e1tico;<\/li>\n<li>Comprender los aspectos que hacen a la comunicaci\u00f3n del cambio clim\u00e1tico;<\/li>\n<li>Analizar la gobernanza clim\u00e1tica a nivel nacional e internacional y su relaci\u00f3n con otras agendas mundiales;<\/li>\n<li>Comprender la incidencia del cambio clim\u00e1tico y su relaci\u00f3n con otros reg\u00edmenes internacionales clave para un desarrollo sustentable.<\/li>\n<\/ul><\/div>\n<div class=\"clear\"><\/div>\n<\/div>\n<\/div>\n<div class=\"seccioncustom\">\n<div class=\"containercustom\">\n<h4 class=\"titulocustom\">Condiciones de Admisi\u00f3n<\/h4>\n<div class=\"lineacustom\"><\/div>\n<p>T\u00edtulo secundario<\/p>\n<\/div>\n<\/div>\n<div class=\"seccioncustom\" id=\"modalidad\">\n<div class=\"containercustom\">\n<h4 class=\"titulocustom\">Modalidad y Lugar de Cursada<\/h4>\n<div class=\"lineacustom blanca\"><\/div>\n<div class=\"columnacustom izq\">\n<p class=\"blanco\"><strong>La modalidad es presencial.<\/strong><\/p>\n<p class=\"blanco\">Consta de <strong>12 m\u00f3dulos<\/strong>, distribuidos en <strong>32 clases<\/strong> totales.<\/p>\n<p class=\"blanco\"><strong>Cantidad de horas totales:<\/strong> 120 (96 horas cursada presencial; 18 horas investigaci\u00f3n; 6 horas presentaci\u00f3n del trabajo).<\/p>\n<\/div>\n<div class=\"columnacustom der\">\n<p class=\"blanco\"><strong>Per\u00edodo de cursada:<\/strong> martes y jueves de 18:30 &#8211; 21:30 hs., inicio 13 de agosto y finaliza 20 de diciembre de 2019.<\/p>\n<p class=\"blanco\"><strong>Fecha presentaci\u00f3n trabajo investigaci\u00f3n:<\/strong> martes 18 y jueves 20 de diciembre de 2019.<\/p>\n<p class=\"blanco\"><strong>Lugar cursada:<\/strong> Universidad de la Defensa Nacional, sita en Maip\u00fa 262 &#8211; 1\u00ba Piso (C1084ABF), Ciudad de Buenos Aires, Argentina.<\/p>\n<\/div>\n<div class=\"clear\"><\/div>\n<\/div>\n<\/div>\n<div class=\"seccioncustom\" id=\"docentes\">\n<div class=\"containercustom\">\n<h4 class=\"titulocustom blanco\">Coordinadora<\/h4>\n<div class=\"lineacustom blanca\"><\/div>\n<div class=\"docentescontainer\"> <span>Ana Carolina Herrero<\/span><\/div>\n<\/div>\n<div style=\"height: 30px\"><\/div>\n<div class=\"containercustom\">\n<h4 class=\"titulocustom blanco\">Docentes<\/h4>\n<div class=\"lineacustom blanca\"><\/div>\n<div class=\"docentescontainer\"> <span>Sol Aliano<\/span> <span>Ricardo Bertolino<\/span> <span>Gabriel Blanco<\/span> <span>Pilar Bueno<\/span> <span>Daniel Calabrese<\/span> <span>In\u00e9s Camilloni<\/span> <span>Francisco Chesini<\/span> <span>Jorge Cuello<\/span> <span>Lucas Di Pietro<\/span> <span>Eduardo Fenoglio<\/span> <span>Sebasti\u00e1n Galbusera<\/span> <span>Ana Carolina Herrero<\/span> <span>Gabriel Lanfranchi<\/span> <span>Miguel Lozupone<\/span> <span>Laura Maffei<\/span> <span>Sabino Mastrangelo<\/span> <span>Claudia Natenzon<\/span> <span>Ignacio Odriozola<\/span> <span>Daniela Petrillo<\/span> <span>Anna Sorensson<\/span> <span>Florencia Ya\u00f1ez<\/span><\/div>\n<\/div>\n<\/div>\n<div class=\"seccioncustom\">\n<div class=\"containercustom\">\n<h4 class=\"titulocustom\">Contenidos m\u00ednimos, planta docente y horas<\/h4>\n<div class=\"lineacustom\"><\/div>\n<div class=\"espaciado20\"><\/div>\n<div class=\"modulo\">\n<h5>M\u00d3DULO I. INTRODUCCI\u00d3N A LAS CUESTIONES AMBIENTALES Y AL CAMBIO CLIM\u00c1TICO: 3 horas<\/h4>\n<p>Problemas, conflictos y pol\u00edticas ambientales. Historia de la problem\u00e1tica ambiental. Globalizaci\u00f3n de las problem\u00e1ticas ambientales. Club de Roma. Informe Meadows. Modelo Mundial Latinoamericano. Nuestro Futuro Com\u00fan: Informe Brundtland. Concepto de Desarrollo Sustentable. Cumbres Ambientales (R\u00edo 92&#8242;, Johannesburgo 2002, R\u00edo +20). Econom\u00eda Verde. Cambio clim\u00e1tico y su vinculaci\u00f3n con otras problem\u00e1ticas ambientales: adelgazamiento de la capa de ozono, biodiversidad, recursos h\u00eddricos, energ\u00eda, bosques, residuos, etc. Estructura atm\u00f3sfera. Tiempo y Clima. Variabilidad Clim\u00e1tica. Cambio Clim\u00e1tico. Gases de Efecto Invernadero. Calentamiento global, cambio clim\u00e1tico y efecto invernadero.<\/p>\n<\/div>\n<div class=\"lineacustom\"><\/div>\n<div class=\"modulo\">\n<h5>M\u00d3DULO II. ENERG\u00cdA (6 horas)<\/h5>\n<h6>II.A. FUENTES DE ENERG\u00cdA: 3 horas<\/h6>\n<p>Transformaciones de la energ\u00eda. Fuentes primarias de energ\u00eda y energ\u00edas secundarias. Energ\u00edas convencionales y alternativas. Uso de las fuentes de energ\u00eda. Generaci\u00f3n y transporte de la energ\u00eda. Centrales el\u00e9ctricas. Combustibles utilizados y Tecnolog\u00edas de generaci\u00f3n utilizadas. Almacenamiento de Grandes Potencias. Eficiencia en la transformaci\u00f3n de la energ\u00eda. Despacho Econ\u00f3mico y Costos Asociados.<\/p>\n<div class=\"espaciado20\"><\/div>\n<h6>II.B. VULNERABILIDAD Y SEGURIDAD ENERG\u00c9TICA: 3 horas<\/h6>\n<p>Matriz energ\u00e9tica Argentina y Mundial. Pol\u00edtica de la energ\u00eda y el territorio. Localizaci\u00f3n, transformaci\u00f3n, transporte, almacenamiento, distribuci\u00f3n y consumo de los recursos. Intercambios de Energ\u00eda. Dominio de los recursos energ\u00e9ticos. El concepto de Vulnerabilidad y Seguridad Energ\u00e9tica. Las reservas mundiales de energ\u00eda. Recursos y Reservas. El nuevo orden de la energ\u00eda. Explotaci\u00f3n de los hidrocarburos no convencionales.<\/p>\n<\/div>\n<div class=\"lineacustom\"><\/div>\n<div class=\"modulo\">\n<h5>M\u00d3DULO III. MITIGACI\u00d3N FRENTE AL CAMBIO CLIM\u00c1TICO (18 horas)<\/h5>\n<h6>III.A. INVENTARIOS GEIs: 6 horas<\/h6>\n<p>Directrices para la construcci\u00f3n de un inventario nacional de gases de efecto invernadero y para evaluar las emisiones de los diferentes sectores. Instrucciones metodol\u00f3gicas y gu\u00edas para calcular las emisiones. Mejoras metodol\u00f3gicas entre las diferentes versiones de las directrices del IPCC. Huella de carbono e inventarios de ciudades de acuerdo al Global Protocol for Community-scale GHG Emission Inventories (GPC).<\/p>\n<div class=\"espaciado20\"><\/div>\n<h6>III.B. FUNDAMENTOS DE LA MITIGACI\u00d3N: 6 horas<\/h6>\n<p>Mitigaci\u00f3n del cambio clim\u00e1tico. Principales Gases que contribuyen al Cambio Clim\u00e1tico. Proyecciones mundiales sobre niveles de emisi\u00f3n de GEIs. La brecha para alcanzar el nivel de emisiones que no supere el incremento de 2\u00baC: Presupuesto de Carbono. Sectores con alto potencial de mitigaci\u00f3n y costos. Cambios en el uso de la tierra, agricultura, urbanizaci\u00f3n y demanda alimentaria. Acciones Nacionales de Mitigaci\u00f3n (NAMAs). Contribuciones Nacionalmente Determinadas (NDCs). Contribuciones Nacionales Determinadas en Argentina.<\/p>\n<div class=\"espaciado20\"><\/div>\n<h6>III.C. PROPUESTAS DE MITIGACI\u00d3N SEG\u00daN SECTORES: 6 horas<\/h6>\n<p>Conceptos del l\u00ednea de base (pr\u00e1ctica habitual) y cuantificaci\u00f3n de reducciones de emisiones asociada a proyectos, pol\u00edticas y medidas (diferentes escalas). Conceptos de Monitoreo, reporte y verificaci\u00f3n (MRV). Mitigaci\u00f3n por Sectores: Energ\u00eda, Transporte, Bosques Nativos, Agricultura Ganader\u00eda y Bosques Cultivados, Industria y Residuos. Planes sectoriales de cambio clim\u00e1tico de Argentina.<\/p>\n<\/div>\n<div class=\"lineacustom\"><\/div>\n<div class=\"modulo\">\n<h5>M\u00d3DULO IV. IMPACTOS DEL CAMBIO CLIM\u00c1TICO (9 horas):<\/h5>\n<h6>IV.A. MODELOS CLIM\u00c1TICOS: 3 horas<\/h6>\n<p>Elementos b\u00e1sicos de la modelaci\u00f3n clim\u00e1tica. Estructura y evoluci\u00f3n de los modelos clim\u00e1ticos. Procesos resueltos y procesos parametrizados. Resoluci\u00f3n espacio-temporal de los modelos clim\u00e1ticos globales y regionales y su relaci\u00f3n a los recursos computacionales. Forzamiento natural y antropog\u00e9nico. Representaci\u00f3n del clima medio y de los extremos clim\u00e1ticos por los modelos clim\u00e1ticos. Atribuci\u00f3n del cambio clim\u00e1tico a los gases de efecto invernadero mediante el uso de modelos clim\u00e1ticos.<\/p>\n<div class=\"espaciado20\"><\/div>\n<h6>IV.B. IMPACTOS CLIM\u00c1TICOS GLOBALES Y EN ARGENTINA: 6 horas<\/h6>\n<p>Escenarios y proyecciones del IPCC. Clima pasado, actual y futuro en Argentina. Impacto del cambio clim\u00e1tico en el contexto de seis ejes tem\u00e1ticos, en el mundo y en Argentina: ecosistemas terrestres, ecosistemas marinos, paisajes rurales, sector agr\u00edcola, servicios ecosist\u00e9micos y ordenamiento territorial.<\/p>\n<\/div>\n<div class=\"lineacustom\"><\/div>\n<div class=\"modulo\">\n<h5>M\u00d3DULO V. VULNERABILIDAD, ADAPTACI\u00d3N Y RESILIENCIA FRENTE AL CAMBIO CLIM\u00c1TICO (12 horas):<\/h5>\n<h6>V.A. VULNERABILIDAD SOCIAL: 3 horas<\/h6>\n<p>Vulnerabilidad Social, Teor\u00eda Social del Riesgo y Cat\u00e1strofes: dimensiones de an\u00e1lisis. Vulnerabilidad Social Emergente. \u00cdndice de Vulnerabilidad Social frente a Desastres. Relaciones entre Vulnerabilidad Social y Adaptaci\u00f3n.<\/p>\n<div class=\"espaciado20\"><\/div>\n<h6>V.B. FUNDAMENTOS Y PROPUESTAS DE ADAPTACI\u00d3N SEG\u00daN SECTORES: 3 horas<\/h6>\n<p>Concepto de adaptaci\u00f3n al cambio clim\u00e1tico. Variables. C\u00e1lculo. Estrategias de adaptaci\u00f3n por sectores: agricultura, turismo, urbes, recursos h\u00eddricos, costas, pesquer\u00eda.<\/p>\n<div class=\"espaciado20\"><\/div>\n<h6>V.C. ADAPTACI\u00d3N EN EL CONTEXTO LOCAL, NACIONAL E INTERNACIONAL: 3 horas<\/h6>\n<p>Escalas territoriales. El rol de la adaptaci\u00f3n en el contexto internacional. Financiamiento. Adaptaci\u00f3n en las NDCs. Legislaci\u00f3n sobre adaptaci\u00f3n al cambio clim\u00e1tico en Argentina.<\/p>\n<div class=\"espaciado20\"><\/div>\n<h6>V.D. RIESGO Y RESILIENCIA: 3 horas<\/h6>\n<p>Hitos mundiales. Organismos y redes de referencia internacional. Ciudades resilientes. Medidas estructurales y no estructurales. Gu\u00edas locales de an\u00e1lisis de resiliencia frente al cambio clim\u00e1tico. \u00cdndices de resiliencia. Gesti\u00f3n de Reducci\u00f3n de Riesgo. Amenazas y Peligrosidades.<\/p>\n<\/div>\n<div class=\"modulo\">\n<h5>M\u00d3DULO VI. SALUD Y CAMBIO CLIM\u00c1TICO: 3 horas<\/h5>\n<p>Impactos directos del clima en la salud, mortalidad por olas de calor y de fr\u00edo, inundaciones. Enfermedades transmitidas por vectores, cambios en su distribuci\u00f3n. Enfermedades de transmitidas por agua y alimentos. Grupos vulnerables. Estrategias del sistema de salud frente al cambio clim\u00e1tico: hospitales seguros e inteligentes. Beneficios en salud de medidas de mitigaci\u00f3n en otros sectores.<\/p>\n<\/div>\n<div class=\"lineacustom\"><\/div>\n<div class=\"modulo\">\n<h5>M\u00d3DULO VII. PLANES DE ACCI\u00d3N CONTRA EL CAMBIO CLIM\u00c1TICO -PACC- (6 horas):<\/h5>\n<h6>VII.A. CIUDADES Y CAMBIO CLIM\u00c1TICO: 3 horas<\/h6>\n<p>Rol de las ciudades en el contexto mundial. Impacto de las ciudades en el cambio clim\u00e1tico. Mecanismos de gobernanza metropolitana en la gesti\u00f3n de la resiliencia urbana. Nueva Agenda Urbana. Modelos de Desarrollo Urbano sobre base ecol\u00f3gica. G20 y U20 en el contexto de cambio clim\u00e1tico.<\/p>\n<div class=\"espaciado20\"><\/div>\n<h6>VII.B. PLANES LOCALES DE ACCI\u00d3N CLIM\u00c1TICA: 3 horas<\/h6>\n<p>Instrumento de los gobiernos locales para la planificaci\u00f3n y desarrollo de pol\u00edticas p\u00fablicas frente al cambio clim\u00e1tico. Etapas. Liderazgo local. Participaci\u00f3n ciudadana. Contexto argentino. Alternativas de financiamiento.<\/p>\n<\/div>\n<div class=\"lineacustom\"><\/div>\n<div class=\"modulo\">\n<h5>M\u00d3DULO VIII. ASPECTOS SOCIALES DEL CAMBIO CLIM\u00c1TICO (9 horas):<\/h5>\n<h6>VIII.A. MIGRACIONES Y REFUGIADOS AMBIENTALES \u2013 CONFLICTOS SOCIALES EMERGENTES: 6 horas<\/h6>\n<p>Migraciones forzadas inducidas por el cambio clim\u00e1tico y los desastres naturales. Tipos de migraci\u00f3n clim\u00e1tica (estacional, temporal, permanente). Escenarios futuros. Conflictos de gobernabilidad. Inclusi\u00f3n de los refugiados ambientales en el r\u00e9gimen internacional para los refugiados. Derecho internacional de medio ambiente.<\/p>\n<div class=\"espaciado20\"><\/div>\n<h6>VIII.B. TRABAJO DECENTE Y TRANSICI\u00d3N JUSTA: 3 horas<\/h6>\n<p>Trabajo decente. Mundo del trabajo. Impactos del cambio clim\u00e1tico sobre los diferentes sectores econ\u00f3micos. Poblaci\u00f3n vulnerable. Escenarios actual y futuro. transici\u00f3n justa hacia nuevos puestos laborales, afectados por impactos socioecon\u00f3micos nacionales e internacionales.<\/p>\n<\/div>\n<div class=\"lineacustom\"><\/div>\n<div class=\"modulo\">\n<h5>M\u00d3DULO IX. G\u00c9NERO Y CAMBIO CLIM\u00c1TICO: 3 horas<\/h5>\n<p>Perspectiva de g\u00e9nero. La inclusi\u00f3n del g\u00e9nero en el debate sobre el cambio clim\u00e1tico. Interacciones entre las dimensiones de g\u00e9nero y diferentes aspectos de la adaptaci\u00f3n al cambio clim\u00e1tico. G\u00e9nero y espacios de debate y de toma de decisiones sobre el cambio clim\u00e1tico. G\u00e9nero, producci\u00f3n agropecuaria y seguridad alimentaria. Las dimensiones de g\u00e9nero en la conceptualizaci\u00f3n de la vulnerabilidad clim\u00e1tica.<\/p>\n<\/div>\n<div class=\"lineacustom\"><\/div>\n<div class=\"modulo\">\n<h5>M\u00d3DULO X. ASPECTOS ECON\u00d3MICOS Y REGULATORIOS DEL CAMBIO CLIM\u00c1TICO (6 horas):<\/h5>\n<h6>X.A. ECONOM\u00cdA DEL CAMBIO CLIM\u00c1TICO: 6 horas<\/h6>\n<p>An\u00e1lisis Econ\u00f3micos (Costo-Beneficio) de la acci\u00f3n frente al cambio clim\u00e1tico (mitigaci\u00f3n\/adaptaci\u00f3n). Incentivos fiscales. Reformas fiscales verdes. Quita de subsidios a combustibles f\u00f3siles. Mercados de carbono. Ajustes en frontera y efectos sobre el comercio internacional.<\/p>\n<div class=\"espaciado20\"><\/div>\n<h6>X.B. DESARROLLO Y TRANSFERENCIA TECNOL\u00d3GICA: 3 horas<\/h6>\n<p>Transferencia de tecnolog\u00edas frente al cambio clim\u00e1tico. Financiamiento de tecnolog\u00edas de adaptaci\u00f3n y mitigaci\u00f3n. Financiamiento de tecnolog\u00edas emergentes. Investigaci\u00f3n, desarrollo e innovaci\u00f3n tecnol\u00f3gica.<\/p>\n<div class=\"espaciado20\"><\/div>\n<h6>M\u00d3DULO XI. COMUNICACI\u00d3N DEL CAMBIO CLIM\u00c1TICO: (3 horas)<\/h6>\n<p>Antecedentes de la Comunicaci\u00f3n del cambio clim\u00e1tico. Percepci\u00f3n del CC. Difusi\u00f3n del CC. Rol de los medios de comunicaci\u00f3n. Programas de comunicaci\u00f3n del CC<\/p>\n<\/div>\n<div class=\"lineacustom\"><\/div>\n<div class=\"modulo\">\n<h5>M\u00d3DULO XI. COMUNICACI\u00d3N DEL CAMBIO CLIM\u00c1TICO: (3 horas)<\/h5>\n<p>Antecedentes de la Comunicaci\u00f3n del cambio clim\u00e1tico. Percepci\u00f3n del CC. Difusi\u00f3n del CC. Rol de los medios de comunicaci\u00f3n. Programas de comunicaci\u00f3n del CC<\/p>\n<\/div>\n<div class=\"lineacustom\"><\/div>\n<div class=\"modulo\">\n<h5>M\u00d3DULO XII. MARCO LEGAL, POL\u00cdTICO E INSTITUCIONAL DEL CAMBIO CLIM\u00c1TICO (15 horas):<\/h5>\n<h6>XII.A. DERECHO AMBIENTAL Y CAMBIO CLIM\u00c1TICO: 3 horas<\/h6>\n<p>El paradigma del desarrollo sustentable en los principios del derecho internacional. Obligaci\u00f3n de los estados de asegurar la utilizaci\u00f3n sustentable de los recursos naturales; principio de equidad y erradicaci\u00f3n de la pobreza; responsabilidades comunes pero diferenciadas; participaci\u00f3n p\u00fablica y acceso a la informaci\u00f3n y la justicia; gesti\u00f3n de los asuntos p\u00fablicos; integraci\u00f3n e interrelaci\u00f3n.<\/p>\n<p>Derecho ambiental en la Argentina: art\u00edculo 41 de la Constituci\u00f3n Nacional. Otras normas constitucionales que rigen en materia de ambiente y recursos naturales. La Ley General del Ambiente N\u00b0 25.675.<\/p>\n<p>La mirada sobre el cambio clim\u00e1tico desde una perspectiva pol\u00edtica, econ\u00f3mica, social y cultural latinoamericana.<\/p>\n<div class=\"espaciado20\"><\/div>\n<h6>XII.B. ROL Y ESTRUCTURA DE LAS INSTITUCIONES NACIONALES E INTERNACIONALES: 3 horas<\/h6>\n<p>Marco institucional en el \u00e1mbito nacional: Principales organismos nacionales y provinciales intervinientes en la tem\u00e1tica. Legislaci\u00f3n argentina vinculada con Cambio Clim\u00e1tico. Marco internacional: reg\u00edmenes y acuerdos. \u00d3rganos y grupos ad hoc. Protocolo de Kyoto. Antecedentes previo al Acuerdo de Par\u00eds. Surgimiento y evoluci\u00f3n del concepto de Contribuciones Determinadas Nacionales Iniciativas internacionales vinculadas al cambio clim\u00e1tico y al desarrollo. Panel Intergubernamental sobre Cambio Clim\u00e1tico. Estructura y funci\u00f3n. Su rol en la problem\u00e1tica. Otros programas del sistema de Naciones Unidas. Sistema de Reporte de la Convenci\u00f3n Marco de Naciones Unidas sobre Cambio Clim\u00e1tico (CMNUCC). Inventarios Nacionales de GEIs. Reportes Bienales de Actualizaci\u00f3n (BURs). Comunicaciones Nacionales.<\/p>\n<div class=\"espaciado20\"><\/div>\n<h6>XII.C. NEGOCIACIONES INTERNACIONALES: 3 horas<\/h6>\n<p>CMNUCC. Acuerdo de Par\u00eds: aspectos principales y elementos. Principales actores y sus posiciones. Grupos de Negociaci\u00f3n. Implicancias. Argentina en el contexto de la CMNUCC. Era Trump: Implicancias de la retirada de EE.UU para el objetivo global a largo plazo. Proceso de implementaci\u00f3n del Acuerdo y qu\u00e9 se espera de la COP 24 en Katowice. Desaf\u00edos y oportunidades.<\/p>\n<div class=\"espaciado20\"><\/div>\n<h6>XII.D. FINANCIAMIENTO CLIM\u00c1TICO: 3 horas<\/h6>\n<p>Marco institucional a nivel internacional. Mecanismos de Financiamiento Clim\u00e1tico: Fondo Verde del Clima. Fondo de Adaptaci\u00f3n. Fondo Mundial para el Medio Ambiente. Agencias de Implementaci\u00f3n y su rol en el financiamiento internacional. Otras iniciativas de Financiamiento. Criterios b\u00e1sicos para la elaboraci\u00f3n de proyectos.<\/p>\n<\/div>\n<\/div>\n<\/div>\n<div class=\"seccioncustom\" id=\"aranceles\">\n<div class=\"containercustom\">\n<h4 class=\"titulocustom\">Forma de financiamiento y aranceles<\/h4>\n<div class=\"lineacustom blanca\"><\/div>\n<p style=\"color: #ffffff;\">El financiamiento de la Diplomatura, va a ser garantizado a trav\u00e9s del pago de la matr\u00edcula y las cuotas establecidas para los inscriptos. Dichos pagos seguir\u00e1n la siguiente f\u00f3rmula:<\/p>\n<div class=\"espaciado20\"><\/div>\n<div class=\"columnacustom\">\n<div class=\"recuadroborde\">\n<h5 class=\"subtitulocustom\">Inscripci\u00f3n:<\/h5>\n<p class=\"blanco\">matr\u00edcula de <strong>$3000 <\/strong> + 2 cuotas de <strong>$4000<\/strong>. <br \/>&#8211; Precio final de la Diplomatura: $11.000<\/p>\n<\/div>\n<\/div>\n<div class=\"clear\"><\/div>\n<\/div>\n<\/div>\n<div class=\"seccioncustom\" id=\"auspicia\">\n<div class=\"containercustom\">\n<p style=\"font-size: 13px; color: #4d4d4d; margin: 0;\">Auspicia: <strong>Secretar\u00eda de Ambiente y Desarrollo Sustentable de la Naci\u00f3n<\/strong><\/p>\n<div style=\"height: 30px\"><\/div>\n<p><img decoding=\"async\" src=\"https:\/\/www.undef.edu.ar\/wp-content\/uploads\/2019\/08\/logo-Secretaria-de-Ambiente-y-Desarrollo-Sustentable-de-la-Nacion.png\" alt=\"\"\/> <\/div>\n<\/div>\n","protected":false},"excerpt":{"rendered":"<p>Objetivo La Diplomatura Universitaria Gesti\u00f3n Integral del Cambio Clim\u00e1tico (segunda edici\u00f3n) tiene como objetivo que el estudiante integre, desde un abordaje interdisciplinario, los conceptos, los principios clave y las causas del Cambio Clim\u00e1tico, orientado a evaluar las problem\u00e1ticas asociadas y comprender las distintas acciones nacionales e internacionales para hacer frente a este fen\u00f3meno, en diferentes &hellip; <a href=\"https:\/\/www.undef.edu.ar\/bkp-web\/diplomatura-universitaria-gestion-integral-del-cambio-climatico\/\" class=\"more-link\">Continuar leyendo<span class=\"screen-reader-text\"> \u00abDiplomatura universitaria \u201cGesti\u00f3n integral del cambio clim\u00e1tico\u201d\u00bb<\/span><\/a><\/p>\n","protected":false},"author":1,"featured_media":0,"parent":0,"menu_order":0,"comment_status":"closed","ping_status":"closed","template":"templates\/seccion_generica.php","meta":{"_acf_changed":false,"footnotes":""},"acf":[],"_links":{"self":[{"href":"https:\/\/www.undef.edu.ar\/bkp-web\/wp-json\/wp\/v2\/pages\/4034"}],"collection":[{"href":"https:\/\/www.undef.edu.ar\/bkp-web\/wp-json\/wp\/v2\/pages"}],"about":[{"href":"https:\/\/www.undef.edu.ar\/bkp-web\/wp-json\/wp\/v2\/types\/page"}],"author":[{"embeddable":true,"href":"https:\/\/www.undef.edu.ar\/bkp-web\/wp-json\/wp\/v2\/users\/1"}],"replies":[{"embeddable":true,"href":"https:\/\/www.undef.edu.ar\/bkp-web\/wp-json\/wp\/v2\/comments?post=4034"}],"version-history":[{"count":14,"href":"https:\/\/www.undef.edu.ar\/bkp-web\/wp-json\/wp\/v2\/pages\/4034\/revisions"}],"predecessor-version":[{"id":7781,"href":"https:\/\/www.undef.edu.ar\/bkp-web\/wp-json\/wp\/v2\/pages\/4034\/revisions\/7781"}],"wp:attachment":[{"href":"https:\/\/www.undef.edu.ar\/bkp-web\/wp-json\/wp\/v2\/media?parent=4034"}],"curies":[{"name":"wp","href":"https:\/\/api.w.org\/{rel}","templated":true}]}}