{"id":280,"date":"2016-01-26T15:41:59","date_gmt":"2016-01-26T18:41:59","guid":{"rendered":"http:\/\/192.232.253.116\/~uv9013\/?page_id=280"},"modified":"2019-04-04T10:53:14","modified_gmt":"2019-04-04T13:53:14","slug":"como-ingreso-a-las-ffaa","status":"publish","type":"page","link":"https:\/\/www.undef.edu.ar\/bkp-web\/como-ingreso-a-las-ffaa\/","title":{"rendered":"\u00bfC\u00f3mo ingreso a las FFAA?"},"content":{"rendered":"<h2>Nuestras Fuerzas se renuevan con Vos<\/h2>\n<div class=\"columna izq\">\n<p>En las Fuerzas Armadas pod\u00e9s encontrar una carrera, o una profesi\u00f3n. O ambas cosas. Pod\u00e9s ser un profesional dentro de la carrera militar. Pod\u00e9s ser un Coronel ingeniero, un Sargento enfermero o una Teniente Primero docente. Y volar un avi\u00f3n, navegar en un submarino o ayudar a que el mundo sea un lugar mejor.<\/p>\n<p>En las Fuerzas Armadas pod\u00e9s encontrar una vida. Vivir grandes experiencias, recorrer el pa\u00eds y el mundo. En cada barrio militar hay una comunidad que contiene.<\/p>\n<blockquote><p>Y lo m\u00e1s importante, en las Fuerzas Armadas ten\u00e9s la posibilidad de defender la Soberan\u00eda Nacional. Tu pa\u00eds, nuestra Patria.<\/p><\/blockquote>\n<\/div>\n<div class=\"columna der\">\n<p><img decoding=\"async\" src=\"https:\/\/www.undef.edu.ar\/wp-content\/uploads\/2016\/01\/popupFacultadDefensa-1.jpg\" \/><\/p>\n<p>Te invitamos a que conozcas nuestra oferta educativa y que consideres la posibilidad de participar de este proyecto de vida, honorable y prestigioso.<\/p>\n<p><a class=\"botonGenerico\" href=\"http:\/\/www.incorporacion.armada.mil.ar\/\" target=\"_blank\" rel=\"noopener\">Incorporate a las FFAA<\/a><\/p>\n<\/div>\n<div class=\"clear\"><\/div>\n<div class=\"separacion\" style=\"margin-top: 20px; margin-bottom: 20px;\"><\/div>\n<div class=\"columna izq\">\n<h3>Servicio Militar Voluntario<\/h3>\n<p>Exigencias de ingreso para Soldados Voluntarios:<\/p>\n<ul>\n<li>Ser ciudadano\/a argentino\/a nativo\/a, por opci\u00f3n o naturalizado.<\/li>\n<li>Estar comprendido entre los DIECIOCHO (18) y VEINTICUATRO (24) a\u00f1os de edad al momento de la incorporaci\u00f3n.<\/li>\n<li>Tener estudios primarios aprobados.<\/li>\n<li>Aprobar el examen psicof\u00edsico.<\/li>\n<li>Poseer autorizaci\u00f3n legal de los padres o tutores, si fuera menor de VEINTIUNO (21) a\u00f1os.<\/li>\n<li>De estado civil soltero, pudiendo tener hijos y\/o personas legalmente a cargo.<\/li>\n<li>Presentar el certificado de buena conducta expedido por la polic\u00eda correspondiente.<\/li>\n<li>Ante cualquier duda o consulta dir\u00edjase a la unidad del Ej\u00e9rcito m\u00e1s cercana a su domicilio.<\/li>\n<\/ul>\n<\/div>\n<div class=\"columna der\">\n<h3>Incorporaci\u00f3n al Ej\u00e9rcito Argentino<\/h3>\n<ul>\n<li><a href=\"http:\/\/www.ejercito.mil.ar\/incorporacion\/indice.html\" target=\"_blank\" rel=\"noopener\">Opciones de ingreso<\/a><\/li>\n<li><a href=\"http:\/\/www.ejercito.mil.ar\/incorporacion\/voluntarios.html\" target=\"_blank\" rel=\"noopener\">Servicio Militar voluntario<\/a><\/li>\n<li><a href=\"http:\/\/www.esesc.ejercito.mil.ar\/\" target=\"_blank\" rel=\"noopener\">Escuelas de suboficiales<\/a><\/li>\n<li><a href=\"http:\/\/www.ejercito.mil.ar\/incorporacion\/\" target=\"_blank\" rel=\"noopener\">Escuela de oficiales<\/a><\/li>\n<\/ul>\n<h3>Incorporaci\u00f3n a la Armada Argentina<\/h3>\n<ul>\n<li><a href=\"http:\/\/www.armada.mil.ar\/educacion\/presentacion\/fr-pres.html\" target=\"_blank\" rel=\"noopener\">Opciones de ingreso<\/a><\/li>\n<li><a href=\"http:\/\/www.armada.mil.ar\/educacion\/presentacion\/fr-pres.html\" target=\"_blank\" rel=\"noopener\">Servicio Militar voluntario<\/a><\/li>\n<li><a href=\"http:\/\/www.essa.ara.mil.ar\/\" target=\"_blank\" rel=\"noopener\">Escuela de Suboficiales<\/a><\/li>\n<li><a href=\"http:\/\/www.armada.mil.ar\/educacion\/presentacion\/fr-pres.html\" target=\"_blank\" rel=\"noopener\">Escuela de Oficiales<\/a><\/li>\n<\/ul>\n<h3>Incorporaci\u00f3n a la Fuerza A\u00e9rea Argentina<\/h3>\n<ul>\n<li><a href=\"http:\/\/www.fuerzaaerea.mil.ar\/incorporacion\/index_incorporacion.html\" target=\"_blank\" rel=\"noopener\">Opciones de ingreso<\/a><\/li>\n<li><a href=\"http:\/\/www.fuerzaaerea.mil.ar\/incorporacion\/soldado.html\" target=\"_blank\" rel=\"noopener\">Servicio Militar Voluntario<\/a><\/li>\n<li><a href=\"http:\/\/esfa.iua.edu.ar\/wordpress\/inscripcion\" target=\"_blank\" rel=\"noopener\">Escuela de Suboficiales<\/a><\/li>\n<li><a href=\"http:\/\/www.eam.iua.edu.ar\/incorporacion.asp\" target=\"_blank\" rel=\"noopener\">Escuela de Oficiales<\/a><\/li>\n<\/ul>\n<\/div>\n<div class=\"clear\"><\/div>\n","protected":false},"excerpt":{"rendered":"<p>Nuestras Fuerzas se renuevan con Vos En las Fuerzas Armadas pod\u00e9s encontrar una carrera, o una profesi\u00f3n. O ambas cosas. Pod\u00e9s ser un profesional dentro de la carrera militar. Pod\u00e9s ser un Coronel ingeniero, un Sargento enfermero o una Teniente Primero docente. Y volar un avi\u00f3n, navegar en un submarino o ayudar a que el &hellip; <a href=\"https:\/\/www.undef.edu.ar\/bkp-web\/como-ingreso-a-las-ffaa\/\" class=\"more-link\">Continuar leyendo<span class=\"screen-reader-text\"> \u00ab\u00bfC\u00f3mo ingreso a las FFAA?\u00bb<\/span><\/a><\/p>\n","protected":false},"author":1,"featured_media":0,"parent":0,"menu_order":0,"comment_status":"closed","ping_status":"closed","template":"","meta":{"_acf_changed":false,"footnotes":""},"acf":[],"_links":{"self":[{"href":"https:\/\/www.undef.edu.ar\/bkp-web\/wp-json\/wp\/v2\/pages\/280"}],"collection":[{"href":"https:\/\/www.undef.edu.ar\/bkp-web\/wp-json\/wp\/v2\/pages"}],"about":[{"href":"https:\/\/www.undef.edu.ar\/bkp-web\/wp-json\/wp\/v2\/types\/page"}],"author":[{"embeddable":true,"href":"https:\/\/www.undef.edu.ar\/bkp-web\/wp-json\/wp\/v2\/users\/1"}],"replies":[{"embeddable":true,"href":"https:\/\/www.undef.edu.ar\/bkp-web\/wp-json\/wp\/v2\/comments?post=280"}],"version-history":[{"count":17,"href":"https:\/\/www.undef.edu.ar\/bkp-web\/wp-json\/wp\/v2\/pages\/280\/revisions"}],"predecessor-version":[{"id":4836,"href":"https:\/\/www.undef.edu.ar\/bkp-web\/wp-json\/wp\/v2\/pages\/280\/revisions\/4836"}],"wp:attachment":[{"href":"https:\/\/www.undef.edu.ar\/bkp-web\/wp-json\/wp\/v2\/media?parent=280"}],"curies":[{"name":"wp","href":"https:\/\/api.w.org\/{rel}","templated":true}]}}