{"id":273,"date":"2016-01-26T14:47:59","date_gmt":"2016-01-26T17:47:59","guid":{"rendered":"http:\/\/192.232.253.116\/~uv9013\/?page_id=273"},"modified":"2017-06-05T11:51:30","modified_gmt":"2017-06-05T14:51:30","slug":"fundamentacion-2","status":"publish","type":"page","link":"https:\/\/www.undef.edu.ar\/bkp-web\/posgrados\/fundamentacion-2\/","title":{"rendered":"Fundamentaci\u00f3n"},"content":{"rendered":"<div class=\"columna izq\">\n<p>El <strong>nivel de posgrado<\/strong> es el \u00e1mbito apropiado tanto para la <strong>formaci\u00f3n interdisciplinaria<\/strong> como para el <strong>desarrollo de competencias espec\u00edficas de alto nivel<\/strong>, para abordar las problem\u00e1ticas complejas de la actuaci\u00f3n militar conjunta y para desarrollar capacidades para la interacci\u00f3n experta civil-militar, fundamental para llevar adelante la <strong>pol\u00edtica de estado para la Defensa<\/strong> en un gobierno democr\u00e1tico.<\/p>\n<p>Las <strong>Pol\u00edticas de Defensa Nacional<\/strong> son el marco de referencia en el que se desarrolla la formaci\u00f3n y capacitaci\u00f3n de las <strong>Fuerzas Armadas<\/strong> y los agentes civiles para la Defensa.<\/p>\n<p>Las <strong>Escuelas de Guerra<\/strong> de las tres Fuerzas y la m\u00e1s reciente <strong>Escuela de Guerra Conjunta<\/strong>, al igual que otras unidades acad\u00e9micas que poseen carreras de postgrado, constituyen el nivel m\u00e1s alto de formaci\u00f3n a la que acceden los <strong>Oficiales de las Fuerzas Armadas<\/strong> en su plan de carrera.<\/p>\n<p>Esta formaci\u00f3n para ejercer niveles de conducci\u00f3n en cada Fuerza se complementa con otras formaciones de posgrado espec\u00edficas, necesarias para adquirir competencias en diversos campos vinculados a la Defensa Nacional, como especializaciones tecnol\u00f3gicas militares, pensamiento estrat\u00e9gico, di\u00e1logo e interacci\u00f3n con otras \u00e1reas del Estado en cuestiones de Econom\u00eda, Ciencia Pol\u00edtica, Relaciones Internacionales, aspectos del Derecho vinculados a la Defensa, Geopol\u00edtica, Log\u00edstica, CiberDefensa y otros.<\/p>\n<\/div>\n<div class=\"columna der\">\n<p>El grado de conocimiento que requieren los Oficiales Superiores de las Fuerzas Armadas y los integrantes de diversas \u00e1reas del Estado Nacional para encarar cuestiones complejas en el campo de la Defensa, encuentra su \u00e1mbito natural en el medio universitario mediante el desarrollo de la docencia de posgrado y su intercambio fecundo con la investigaci\u00f3n cient\u00edfico-tecnol\u00f3gica.<\/p>\n<p>La pol\u00edtica acad\u00e9mica de la <span style=\"color: #37BBED;\"><strong>UNDEF<\/strong><\/span> en la formaci\u00f3n de posgrado de oficiales de las Fuerzas Armadas se orientar\u00e1 a:<\/p>\n<ul>\n<li>Formar en el m\u00e1ximo nivel a los oficiales de las Fuerzas Armadas en las capacidades requeridas por el Instrumento Militar.<\/li>\n<li>Priorizar las carreras de posgrado que traten las diversas problem\u00e1ticas vinculadas a la Defensa Nacional, tanto civiles como militares, as\u00ed tambi\u00e9n las relacionadas con l\u00edneas de investigaci\u00f3n vigentes en la universidad.<\/li>\n<li>Asegurar el nivel de calidad acad\u00e9mica requerido por el Sistema Universitario Nacional, promover carreras, cursos y actividades propias del nivel que impliquen un trabajo conjunto inter- Fuerzas y con otras instituciones del sistema universitario y cient\u00edfico-tecnol\u00f3gico nacional.<\/li>\n<li>Acceder a las acreditaciones vigentes en la normativa universitaria, Complementarse en el campo espec\u00edfico con la oferta existente en las universidades nacionales y Asegurar una visi\u00f3n de la problem\u00e1tica de la Defensa nacional, regional e internacional.<\/li>\n<\/ul>\n<\/div>\n<div class=\"clear\"><\/div>\n","protected":false},"excerpt":{"rendered":"<p>El nivel de posgrado es el \u00e1mbito apropiado tanto para la formaci\u00f3n interdisciplinaria como para el desarrollo de competencias espec\u00edficas de alto nivel, para abordar las problem\u00e1ticas complejas de la actuaci\u00f3n militar conjunta y para desarrollar capacidades para la interacci\u00f3n experta civil-militar, fundamental para llevar adelante la pol\u00edtica de estado para la Defensa en un &hellip; <a href=\"https:\/\/www.undef.edu.ar\/bkp-web\/posgrados\/fundamentacion-2\/\" class=\"more-link\">Continuar leyendo<span class=\"screen-reader-text\"> \u00abFundamentaci\u00f3n\u00bb<\/span><\/a><\/p>\n","protected":false},"author":1,"featured_media":0,"parent":271,"menu_order":0,"comment_status":"closed","ping_status":"closed","template":"","meta":{"_acf_changed":false,"footnotes":""},"acf":[],"_links":{"self":[{"href":"https:\/\/www.undef.edu.ar\/bkp-web\/wp-json\/wp\/v2\/pages\/273"}],"collection":[{"href":"https:\/\/www.undef.edu.ar\/bkp-web\/wp-json\/wp\/v2\/pages"}],"about":[{"href":"https:\/\/www.undef.edu.ar\/bkp-web\/wp-json\/wp\/v2\/types\/page"}],"author":[{"embeddable":true,"href":"https:\/\/www.undef.edu.ar\/bkp-web\/wp-json\/wp\/v2\/users\/1"}],"replies":[{"embeddable":true,"href":"https:\/\/www.undef.edu.ar\/bkp-web\/wp-json\/wp\/v2\/comments?post=273"}],"version-history":[{"count":5,"href":"https:\/\/www.undef.edu.ar\/bkp-web\/wp-json\/wp\/v2\/pages\/273\/revisions"}],"predecessor-version":[{"id":2079,"href":"https:\/\/www.undef.edu.ar\/bkp-web\/wp-json\/wp\/v2\/pages\/273\/revisions\/2079"}],"up":[{"embeddable":true,"href":"https:\/\/www.undef.edu.ar\/bkp-web\/wp-json\/wp\/v2\/pages\/271"}],"wp:attachment":[{"href":"https:\/\/www.undef.edu.ar\/bkp-web\/wp-json\/wp\/v2\/media?parent=273"}],"curies":[{"name":"wp","href":"https:\/\/api.w.org\/{rel}","templated":true}]}}